0 - -8) + -8.
-3
(4 - (-8 + 4 + -4)) + -13
-1
19 + 3 + (13 - 29) - (3 - 1)
4
What is (-22 - -20) + -6 + 5?
-3
Calculate 9 + -11 + 10 - (61 - 13).
-40
Evaluate (-23 - 2) + 2 - (156 - 157).
-22
Calculate -13 - (-1 + (-10 + 4 - (1 + -7))).
-12
What is the value of (-5 - -1) + (-5 - -5 - (-2 + 2))?
-4
What is the value of 1 + -3 + (3 - -4) + (40 - 40)?
5
Evaluate 12 + (4 + -11 - 13) + 10.
2
What is the value of (7 - (-7 - 2)) + -18?
-2
What is the value of 4 - (3 - 10) - ((19 - 8) + -17)?
17
Evaluate 273 - 276 - ((-1 - 6) + -6 + 5).
5
Calculate (6 - (7 + -15)) + -17.
-3
Calculate 14 - 8 - (-14 - -7 - -2) - 7.
4
Calculate -31 + 65 + -26 - 8.
0
Calculate -25 + 12 + -1 + -6.
-20
What is the value of (-20 - -3) + 0 - (23 + 19 + -48)?
-11
What is the value of (1 - 10) + (-4 - (16 - 17))?
-12
Evaluate 1 - ((-3 - -9) + (2 - (-43 + 23))).
-27
-3 + 30 - (-1 - 2) - -1
31
Calculate -6 - (-16 + -1 + (9 - -3)).
-1
(-1 + 3 - 11) + (33 - 28)
-4
Calculate (1 + -6 + 4 - 9 - -1) + -5.
-14
Calculate (-17 + 20 - -35) + -20.
18
What is the value of -11 + (-5 + 26 - 5) + -9 - 5?
-9
What is (12 - -4) + 2 - 12?
6
Evaluate -21 + 30 - (16 - (0 - 2)).
-9
Calculate -161 + 171 - (1 - 4).
13
What is -8 - (-4 - -7 - -1 - (26 - 17))?
-3
What is -12 - 0 - (-209 + 182)?
15
What is 134 + -128 - (1 + -5 - (2 - 4))?
8
Calculate 25 + -2 + 34 + -65.
-8
What is -3 - 0 - 1 - (13 + -7 + -1)?
-9
What is the value of 2 + -9 - (-23 - -10 - -19)?
-13
Calculate 20 + (-26 - (-12 - -26)).
-20
Evaluate 13 + 28 + -25 + -3.
13
What is 7 + (-38 - -65) + -5?
29
4 + -6 - -1 - (13 + -5)
-9
Evaluate (-14 - -11) + (-3 - -9).
3
5 + -1 + -34 + (34 - 23)
-19
What is (-21 + 3 - -11) + -5 + -7?
-19
What is the value of (-3 - 2) + (1 - 1) + 4 - 2?
-3
Evaluate 5 + -19 + (1 - (-10 + (-2 - -4))).
-5
What is the value of -8 - (1 - -5 - (-1 + -4 + 1))?
-18
Evaluate 154 + -141 - (36 - 0).
-23
Evaluate (6 - -1) + (16 - 13) + -7.
3
What is the value of (5 - (-44 + 16 + -3)) + -16?
20
What is -27 - (0 - (-4 + 28))?
-3
Evaluate -13 + 2 + -1 - (-11 - (7 - 7)).
-1
Evaluate -10 - (2 + -13 + 0 + 2).
-1
(18 - 9) + -10 + (-6 - -9 - 6)
-4
-39 - (-17 + (27 - 32))
-17
What is (10 - 14) + 18 + -16?
-2
What is -48 + 22 + -11 + 8?
-29
Calculate -23 + -15 + (-15 + 15 - -10).
-28
What is -14 + (6 - (3 - (-7 - 2))) + 5?
-15
Calculate (-7 - (10 - -11)) + 19.
-9
What is the value of 3 + 0 + (-12 - -10 - -4)?
5
What is the value of 21 + (6 - -6) + -19?
14
Evaluate -12 - (-5 - (1 + (3 + 4 - 13))).
-12
(-28 - -6) + 54 + -34
-2
(-3 - -14) + 0 + 10 + -47 + -4
-30
7 - (4 - (-13 - -7 - 1)) - 3
-7
Calculate -20 + (-35 - -15) + 50.
10
0 + 1 + -10 - (-108 - -116)
-17
Calculate -6 + 4 + (5 - (10 + -8)) + -6.
-5
(46 - 17) + 10 + -19
20
Evaluate -3 + 8 + (2 - -1) + 8.
16
What is (-3 - (-6 - 1)) + (5 - (5 - -4))?
0
9 + 10 - (0 - (-19 - -9))
9
What is the value of 0 - 1 - -8 - (275 - 276)?
8
Calculate (2 + (-6 - -4) + -15 - -7) + -7.
-15
Calculate -13 + (19 - ((6 - 4 - -7) + -1)).
-2
Evaluate 45 + -17 + -15 + 1 + -7.
7
What is the value of 22 + -25 - (6 + -1)?
-8
Evaluate 0 - -1 - (-10 - (9 - (13 - 1))).
8
What is the value of ((2 + 7 - 7) + -3 - -1) + 22?
22
Calculate -73 + 88 - (-4 - -2).
17
Evaluate 28 + -21 + -22 + (24 - 0).
9
Evaluate 1 - 2 - ((6 - 2) + 2) - 1.
-8
Evaluate 9 + 8 + -16 - (-9 + (-3 - -4)).
9
Evaluate (-12 - -11) + 5 - 3.
1
Evaluate (-16 - (-12 - 10)) + (4 - -1).
11
Calculate -2 + 4 - (0 + -2 + -8 + -5).
17
What is the value of -36 + 38 - (19 - 9)?
-8
What is 6 - (17 - 12 - (0 - -14))?
15
What is -8 + 4 - 33 - -54?
17
(-12 - ((25 - 1) + -10)) + 5
-21
-3 + -5 + -7 + 7 + 28
20
Evaluate -8 + (40 - 6) - 4.
22
9 + (9 + -9 - 4) + 9
14
0 - -2 - (22 + -40) - (-7 - -12)
15
Evaluate -17 - (-28 - (-19 - -9)).
1
What is the value of -2 - (4 + -3 - (8 - 3))?
2
Calculate 9 + 14 + 3 + -18 + -20.
-12
What is the value of 1 - (8 - (0 - (-11 + 7))) - 7?
-10
20 + 27 - 39 - ((20 - -1) + 2)
-15
Calculate 13 - 3 - 24 - -13.
-1
Evaluate 0 + -4 + -16 + 17 - 21.
-24
Calculate (32 - 26) + (-4 - (1 - 0)) - 16.
-15
(5 - (-8 + 6) - 7) + -5
-5
20 - (-4 + 16 - 2) - 6
4
Evaluate -13 - (-14 + -1 + -3).
5
Calculate (-24 + 1 - 6) + 27.
-2
Evaluate 1414 + -1413 + (4 - -1 - 0).
6
What is -33 + (59 - 15) + 1 + 15?
27
Calculate 8 + 7 - 32 - 2.
-19
Evaluate -25 + 9 + 19 - -3.
6
What is the value of (-1209 + 1216 - (-19 - (0 + -1))) + 4?
29
Evaluate (12 - 12) + -3 + -1 + 21 + -2.
15
-2 + 1 + (1 - 9) + (756 - 741)
6
What is -8 + (14 - 7) + -9?
-10
Calculate 2 - (6 - -17) - 16.
-37
Calculate (-32 + 18 - (-20 + -1)) + -26.
-19
What is 2 + -8 + 13 + -4 - (1 - 10)?
12
Calculate -17 + (28 - 4) + -13.
-6
What is the value of -2 + -3 + 11 + (4 - 5) + -5?
0
Evaluate (1 - 2) + (-2 - (-2 - 7)) + 5.
11
What is the value of (-21 - (-19 + -1)) + 18?
17
Calculate (-5 - 0) + 29 - 24.
0
-24 - (-5 + 13) - -52
20
What is 7 + 10 + -26 - 8?
-17
What is the value of -18 + 16 + -3 + (-10 - -4)?
-11
Evaluate (8 - 36) + 18 + 14.
4
What is the value of 122 + -123 + (3 - 7 - -8)?
3
Evaluate 6 - (-14 + 17 - 10).
13
Calculate (-12 - (11 + -4 - 18)) + (-15 - -1).
-15
What is the value of (-910 - -904) + 9 + -1?
2
What is the value of 1 + 5 - (-374 + 389)?
-9
What is the value of -74 - -66 - (-2 + (3 - -2) + -4)?
-7
Evaluate 8 + -2 + ((9 - -2) + -4 - 5).
8
(-1 + -10 + 4 + 6 - 10) + 8
-3
Evaluate -10 + 9 + 0 - -15.
14
What is 9 - (-15 - (2 + (0 - (2 - -5))))?
19
-25 - (-15 + 9 + (0 - 0))
-19
(-24 + -14 - -12) + 44
18
Calculate -11 + -1 - (-5 + -8 + 6).
-5
What is -22 + 27 - (-7 + 5 + 10)?
-3
Calculate -29 + (14 - 20 - 1) - -16.
-20
What is the value of (13 - -1) + -21 + 10 + (3 - 1)?
5
What is the value of -1 - 6 - 3 - (-27 + 3)?
14
2 + -6 - (-6 + (-2 - (-8 + -3)))
-7
What is the value of (-2 - 3) + (27 + -6 - (9 - -4))?
3
-17 - (-29 - -34) - 1
-23
What is the value of -10 + 13 + -8 + 2?
-3
What is (25 - 6 - 35) + 1?
-15
(4 - 6) + -1 + -1 - 2
-6
Evaluate 575 - 560 - (35 - -1).
-21
Evaluate 20 - (-10 + (-4 - -22)).
12
What is the value of (-21 - (-2 + -12)) + 18?
11
What is -116 + 96 + (-4 - -51)?
27
(-8 - -17 - 13 - (9 + 0)) + 2
-11
What is the value of 2 + (9 - 0) - 18?
-7
What is the value of -7 + 6 + 5 + -4 - -12?
12
-16 - ((-4 - -10) + -15)
-7
What is the value of (-7 - (-8 - -2 - -2)) + -14?
-17
What is 7 - 3 - (-13 + 6) - -12?
23
Evaluate (-2 - -1) + (2 + -25 - (115 + -166)).
27
What is the value of -7 + 1 + 34 - 23?
5
Calculate 1 - 5 - (-33 - -31).
-2
-16 + 1 - (-12 + 14 + (7 - 14))
-10
What is the value of (32 + -16 - 15) + -8 - -28?
21
What is 46 - (-6 + (-21 - -44))?
29
What is -14 - ((-11 - -9) + 0 + -2 + 2)?
-12
Evaluate 1 - 25 - (-76 + 18 + 49).
-15
What is -21 + 7 + 20 + -1 + 1?
6
0 - (2 - 1) - (-33 + 46)
-14
What is 11 + 0 + (-5 + -2 - (4 + -4))?
4
What is (16 - -20 - 16) + -23 + 6 + 0?
3
0 + 12 + -66 + (-45 - -120)
21
23 + -40 + 21 + -5
-1
What is (8 - (7 + -8)) + (6 - 45)?
-30
Evaluate 3 - (-8 - -2 - 9) - 13.
5
Calculate 15 + (-1 - 6 - 6).
2
What is (-3 - -1) + (20 - 11 - 21) + 6?
-8
What is the value of (4 - -22) + -43 + 27 + -1?
9
Evaluate -10 + (-20 + 29 - (-1 - 3 - -1)).
2
What is 0 - ((1 - 0 - (38 - 37)) + -30)?
30
Evaluate 1 - 5 - (14 + (-42 - -17)).
7
(-69 - (16 - 57)) + -1 + 8
-21
Evaluate (1 - 5 - 1) + -8.
-13
227 - 228 - (1 - 14)
12
What is 0 - (-6 - 5) - 17?
-6
1 + -9 - (0 + 6 + (1 - 4))
-11
What is the value of -19 + 1 + (6 - -2)?
-10
What is -145 + 159 + 0 + -15?
-1
8 - (70 + -72 - (0 + 0) - -36)
-26
Evaluate 7 + -1 + (3 - 10) - 4 - -9.
4
What is -19 - (-16 + 3) - (4 - 1)?
-9
What is 28 + (-13 - 12) - (-2 - (-14 - -3))?
-6
What is -3 - (0 - 18) - 2?
13
What is the value of 10 + -1 + 0 + (-328 - -329)?
10
Calculate 0 - (0 - (21 + 1 + -10 + 11)).
23
What is the value of 5 + (-4 + 0 - (-8 + -12 + 19))?
2
Evaluate 15 + -16 + -14 - -8.
-7
Calculate -6 + -42 - -10 - -17.
-21
-1 - 2 - (254 + -276)
19
What is -2 - (-14 + 21) - -2?
-7
47 - 27 - (1 + 20) - -39
38
3 + -1 + (-19 - -21) + 5 + -5
4
Calculate 5 + 13 + -14 - 8.
-4
Calculate 5 + -7 + ((-2 - 6) + 7 - -16).
13
(-9 + 64 - 12) + -15 - -3
31
What is the value of (16 + (-25 - -12) - 2) + 1 + -13?
-11
Evaluate 30 - (8 + 38 + 14).
-30
Evaluate (5 + -4 - 0) + -12 + -1 + 4.
-8
What is the value of -2 + 11 - ((-5 - (6 + -7)) + 3)?
10
Evaluate 25 - (21 + (14 - 3)).
-7
What is (-3 - 0) + (-8 + 13 - 6) + -7?
-11
2 - (18 + (-8 - -5))
